{"id":23,"date":"2020-05-29T00:57:29","date_gmt":"2020-05-28T23:57:29","guid":{"rendered":"http:\/\/hake-weisse.de\/?page_id=23"},"modified":"2026-03-05T08:27:18","modified_gmt":"2026-03-05T07:27:18","slug":"aktuelles","status":"publish","type":"page","link":"https:\/\/Praxis-hakeweisse.de\/?page_id=23","title":{"rendered":"Aktuelles"},"content":{"rendered":"\n<p class=\"has-text-align-center has-black-color has-text-color has-large-font-size\"><a><strong><u>Liebe Patienten!<\/u><\/strong><\/a><\/p>\n\n\n\n<p class=\"has-text-align-center has-medium-font-size\"><strong>Die Praxis bleibt vom<\/strong><\/p>\n\n\n\n<p class=\"has-text-align-center has-medium-font-size\"><strong>07.04. \u2013 10.04.2026 geschlossen!<\/strong><\/p>\n\n\n\n<p class=\"has-text-align-center has-medium-font-size\"><strong><u>Vertretung<\/u><\/strong><\/p>\n\n\n\n<p class=\"has-text-align-center has-medium-font-size\">Diabetologie am Ostkreuz<\/p>\n\n\n\n<p class=\"has-text-align-center has-medium-font-size\">Neue Bahnhofstra\u00dfe 27<\/p>\n\n\n\n<p class=\"has-text-align-center has-medium-font-size\">Tel.: 030 \u2013 2911739<\/p>\n\n\n\n<p class=\"has-text-align-center has-medium-font-size\">Sprechzeiten finden Sie auf der Homepage<\/p>\n\n\n\n<p class=\"has-text-align-center has-medium-font-size\"><a href=\"http:\/\/www.diabetologie-am-ostkreuz.de\">www.diabetologie-am-ostkreuz.de<\/a><\/p>\n\n\n\n<p class=\"has-text-align-center has-medium-font-size\"><strong>Ihr Praxisteam<\/strong><\/p>\n\n\n\n<hr class=\"wp-block-separator has-alpha-channel-opacity is-style-wide\"\/>\n\n\n\n<p class=\"has-text-align-center has-medium-font-size\"><\/p>\n\n\n\n\n\n<p class=\"has-black-color has-text-color has-medium-font-size\"><strong>Sie k\u00f6nnen auch folgende M\u00f6glichkeiten nutzen:<\/strong><\/p>\n\n\n\n<div class=\"is-layout-flex wp-container-3 wp-block-columns\">\n<div class=\"is-layout-flow wp-block-column\">\n<p class=\"has-text-align-center .yellow-border has-black-color has-text-color has-background has-medium-font-size\" style=\"background-color:#eee24b\"><strong>Lichtenberg:<\/strong><\/p>\n\n\n\n<p class=\"has-medium-font-size\">Haus\u00e4rztliche Notfallpraxis Lichtenberg <\/p>\n\n\n\n<p class=\"has-medium-font-size\">Sana-Klinikum Lichtenberg<\/p>\n\n\n\n<p class=\"has-medium-font-size\">Fanningerstr. 32, 10365 Berlin<\/p>\n<\/div>\n\n\n\n<div class=\"is-layout-flow wp-block-column\">\n<p class=\"has-text-align-center has-black-color has-text-color has-background has-medium-font-size\" style=\"background-color:#eecb49\"><strong>Friedrichshain:<\/strong><\/p>\n\n\n\n<p class=\"has-medium-font-size\">Notdienstpraxis in der Rettungsstelle <\/p>\n\n\n\n<p class=\"has-medium-font-size\">Vivantes Klinikum im Friedrichshain<\/p>\n\n\n\n<p class=\"has-medium-font-size\">Landsberger Allee 49, 10249 Berlin<\/p>\n\n\n\n<p class=\"has-medium-font-size\">Freitag 15:00 \u2013 21:00 Uhr<\/p>\n\n\n\n<p class=\"has-medium-font-size\">Samstag, Sonntag und an den Feiertagen <\/p>\n\n\n\n<p class=\"has-medium-font-size\">09:00  \u2013 21:00 Uhr<\/p>\n<\/div>\n<\/div>\n\n\n\n<p class=\"has-text-align-center has-black-color has-text-color has-background has-medium-font-size\" style=\"background-color:#f6ee95\"><strong>Marzahn:<\/strong><\/p>\n\n\n\n<p class=\"has-medium-font-size\">Notdienstpraxis in der Rettungsstelle<\/p>\n\n\n\n<p class=\"has-medium-font-size\">Unfallkrankenhaus Berlin<\/p>\n\n\n\n<p class=\"has-medium-font-size\">Warener Str. 7, 12683 Berlin<\/p>\n\n\n\n<p class=\"has-medium-font-size\">Freitag: 15:00 \u2013 21:00 Uhr<\/p>\n\n\n\n<p class=\"has-medium-font-size\">Samstag, Sonntag und an Feiertagen:&nbsp; 9:00 Uhr bis 21:00 Uhr<\/p>\n\n\n\n<p><\/p>\n\n\n\n<p class=\"has-black-color has-text-color has-medium-font-size\"><strong>Den \u00c4rztlichen Bereitschaftsdienst der KV Berlin erreichen Sie rund um die Uhr unter der bundesweiten Telefonnummer 116 117.<\/strong><\/p>\n\n\n\n<p class=\"has-medium-font-size\"><strong>F\u00fcr Notf\u00e4lle und in akuten lebensbedrohlichen Situationen rufen Sie bitte den Rettungsdienst mit der Nummer 112.&nbsp;<\/strong><\/p>\n\n\n\n<p class=\"has-black-color has-text-color has-medium-font-size\"><strong>Vielen Dank f\u00fcr Ihr Verst\u00e4ndnis<\/strong><\/p>\n\n\n\n<p class=\"has-black-color has-text-color has-medium-font-size\"><strong>Ihr Praxisteam<\/strong><\/p>\n","protected":false},"excerpt":{"rendered":"<p>Liebe Patienten! Die Praxis bleibt vom 07.04. \u2013 10.04.2026 geschlossen! Vertretung Diabetologie am Ostkreuz Neue Bahnhofstra\u00dfe 27 Tel.: 030 \u2013 2911739 Sprechzeiten finden Sie auf der Homepage www.diabetologie-am-ostkreuz.de Ihr Praxisteam Sie k\u00f6nnen auch folgende M\u00f6glichkeiten nutzen: Lichtenberg: Haus\u00e4rztliche Notfallpraxis Lichtenberg Sana-Klinikum Lichtenberg Fanningerstr. 32, 10365 Berlin Friedrichshain: Notdienstpraxis in der Rettungsstelle Vivantes Klinikum im Friedrichshain [&hellip;]<\/p>\n","protected":false},"author":1,"featured_media":0,"parent":0,"menu_order":0,"comment_status":"closed","ping_status":"closed","template":"templates\/template-full.php","meta":[],"_links":{"self":[{"href":"https:\/\/Praxis-hakeweisse.de\/index.php?rest_route=\/wp\/v2\/pages\/23"}],"collection":[{"href":"https:\/\/Praxis-hakeweisse.de\/index.php?rest_route=\/wp\/v2\/pages"}],"about":[{"href":"https:\/\/Praxis-hakeweisse.de\/index.php?rest_route=\/wp\/v2\/types\/page"}],"author":[{"embeddable":true,"href":"https:\/\/Praxis-hakeweisse.de\/index.php?rest_route=\/wp\/v2\/users\/1"}],"replies":[{"embeddable":true,"href":"https:\/\/Praxis-hakeweisse.de\/index.php?rest_route=%2Fwp%2Fv2%2Fcomments&post=23"}],"version-history":[{"count":135,"href":"https:\/\/Praxis-hakeweisse.de\/index.php?rest_route=\/wp\/v2\/pages\/23\/revisions"}],"predecessor-version":[{"id":1702,"href":"https:\/\/Praxis-hakeweisse.de\/index.php?rest_route=\/wp\/v2\/pages\/23\/revisions\/1702"}],"wp:attachment":[{"href":"https:\/\/Praxis-hakeweisse.de\/index.php?rest_route=%2Fwp%2Fv2%2Fmedia&parent=23"}],"curies":[{"name":"wp","href":"https:\/\/api.w.org\/{rel}","templated":true}]}}