{"id":166,"date":"2020-06-02T22:01:10","date_gmt":"2020-06-02T21:01:10","guid":{"rendered":"http:\/\/hake-weisse.de\/?page_id=166"},"modified":"2026-01-01T13:46:28","modified_gmt":"2026-01-01T12:46:28","slug":"die-praxis","status":"publish","type":"page","link":"https:\/\/Praxis-hakeweisse.de\/?page_id=166","title":{"rendered":"Praxis &#038; Team"},"content":{"rendered":"\n<p class=\"has-medium-font-size\">Seit vielen Jahrzehnten besuchen Patienten diese Praxis in Berlin-Friedrichshain.<\/p>\n\n\n\n<p class=\"has-medium-font-size\">Fr. Dr. med. Gerda Wei\u00dfe praktizierte als Fach\u00e4rztin f\u00fcr Allgemeinmedizin in der W\u00fchlischstra\u00dfe 58. \u00dcber lange Zeit war sie mit Schwester Karola ein vertrauter Anlaufpunkt in der haus\u00e4rztlichen Versorgung der Menschen. Im Jahre 2006 begann meine Zusammenarbeit mit ihr in dieser Praxis. Nach dem Umzug in die W\u00fchlischstra\u00dfe 57 etablierten sich gemeinsame Wege und Strategien. Es war eine vertrauensvolle Arbeit und eine wertvolle Zeit, f\u00fcr die ich sehr dankbar bin. Seit 2011 f\u00fchre ich die Praxis weiter, vieles Vertraute bleibt und Neues flie\u00dft ein in die Arbeit mit Ihnen &#8211; den Patient:innen aus drei Generationen.<\/p>\n\n\n\n<h1 class=\"has-text-align-center has-large-font-size\">Praxisteam<\/h1>\n\n\n\n<div class=\"is-layout-flex wp-container-5 wp-block-columns\">\n<div class=\"is-layout-flow wp-block-column\"><div class=\"wp-block-image is-style-default\">\n<figure class=\"aligncenter size-large is-resized\"><img decoding=\"async\" loading=\"lazy\" src=\"https:\/\/praxis-hakeweisse.de\/wp-content\/uploads\/2021\/01\/doctor.jpg\" alt=\"\" class=\"wp-image-559\" width=\"165\" height=\"165\" srcset=\"https:\/\/Praxis-hakeweisse.de\/wp-content\/uploads\/2021\/01\/doctor.jpg 512w, https:\/\/Praxis-hakeweisse.de\/wp-content\/uploads\/2021\/01\/doctor-300x300.jpg 300w, https:\/\/Praxis-hakeweisse.de\/wp-content\/uploads\/2021\/01\/doctor-150x150.jpg 150w\" sizes=\"(max-width: 165px) 100vw, 165px\" \/><\/figure><\/div><\/div>\n\n\n\n<div class=\"is-layout-flow wp-block-column\">\n<h1>\u00c4rztin<\/h1>\n\n\n\n<p class=\"has-medium-font-size\">Frau Dr. med. <br>Julia Hake-Wei\u00dfe<\/p>\n\n\n\n<p class=\"has-medium-font-size\"><strong>Studium der Medizin&nbsp;<\/strong>an der Freien Universit\u00e4t zu Berlin und an der Humboldt-Universit\u00e4t Berlin<\/p>\n\n\n\n<p class=\"has-medium-font-size\"><strong>Station\u00e4re Praxis:&nbsp;<\/strong>Hospital in Namibia, Swakopmund;&nbsp;<\/p>\n\n\n\n<p class=\"has-medium-font-size\">P\u00e4diatrie, Innere Medizin (mit Rettungsstelle), Gef\u00e4\u00dfchirurgie<\/p>\n\n\n\n<p class=\"has-medium-font-size\"><strong>Ambulante Praxis:&nbsp;<\/strong>General Practice in Namibia, Windhoek mit P\u00e4diatrie, Innerer Medizin, Orthop\u00e4die, Gyn\u00e4kologie und Geburtshilfe;&nbsp;<\/p>\n\n\n\n<p class=\"has-medium-font-size\">Allgemeinmedizin, Chirurgie, Unfallchirurgie<\/p>\n<\/div>\n\n\n\n<div class=\"is-layout-flow wp-block-column\"><div class=\"wp-block-image\">\n<figure class=\"aligncenter size-large is-resized\"><img decoding=\"async\" loading=\"lazy\" src=\"https:\/\/praxis-hakeweisse.de\/wp-content\/uploads\/2021\/01\/praxismanagerin.jpg\" alt=\"\" class=\"wp-image-560\" width=\"165\" height=\"165\" srcset=\"https:\/\/Praxis-hakeweisse.de\/wp-content\/uploads\/2021\/01\/praxismanagerin.jpg 512w, https:\/\/Praxis-hakeweisse.de\/wp-content\/uploads\/2021\/01\/praxismanagerin-300x300.jpg 300w, https:\/\/Praxis-hakeweisse.de\/wp-content\/uploads\/2021\/01\/praxismanagerin-150x150.jpg 150w\" sizes=\"(max-width: 165px) 100vw, 165px\" \/><\/figure><\/div><\/div>\n\n\n\n<div class=\"is-layout-flow wp-block-column\">\n<h1>Praxismanagerin<\/h1>\n\n\n\n<p class=\"has-medium-font-size\">Franziska <\/p>\n\n\n\n<p class=\"has-medium-font-size\">Die Ausbildung zur Medizinischen Fachangestellten absolvierte Franziska 2001 bis 2004 in der Praxis bei Frau Dr. med. Gerda Wei\u00dfe. Seit 2007 geh\u00f6rt sie zu unserem Praxisteam. Zahlreiche Fortbildungen bezeichnen neben den Aufgaben einer Medizinischen Fachangestellten spezielle Arbeitsfelder: nicht\u00e4rztliche Praxisassistentin, Beauftragte f\u00fcr Qualit\u00e4tsmanagement und f\u00fcr Hygiene, Abrechnungsmanagement und Fortbildung f\u00fcr Reiseimpfungen und Impfberatung. Als Praxismanagerin obliegen ihr weitreichende Verantwortlichkeiten.&nbsp;&nbsp;<\/p>\n<\/div>\n<\/div>\n\n\n\n<div class=\"is-layout-flex wp-container-8 wp-block-columns\">\n<div class=\"is-layout-flow wp-block-column\"><\/div>\n\n\n\n<div class=\"is-layout-flow wp-block-column\"><\/div>\n<\/div>\n\n\n\n<div class=\"is-layout-flex wp-container-13 wp-block-columns\">\n<div class=\"is-layout-flow wp-block-column\"><div class=\"wp-block-image\">\n<figure class=\"aligncenter size-medium is-resized\"><img decoding=\"async\" loading=\"lazy\" src=\"https:\/\/praxis-hakeweisse.de\/wp-content\/uploads\/2021\/01\/nurse-f-300x300.jpg\" alt=\"\" class=\"wp-image-561\" width=\"150\" height=\"150\" srcset=\"https:\/\/Praxis-hakeweisse.de\/wp-content\/uploads\/2021\/01\/nurse-f-300x300.jpg 300w, https:\/\/Praxis-hakeweisse.de\/wp-content\/uploads\/2021\/01\/nurse-f-150x150.jpg 150w, https:\/\/Praxis-hakeweisse.de\/wp-content\/uploads\/2021\/01\/nurse-f.jpg 512w\" sizes=\"(max-width: 150px) 100vw, 150px\" \/><\/figure><\/div><\/div>\n\n\n\n<div class=\"is-layout-flow wp-block-column\">\n<h1>Medizinische Fachangestellte<\/h1>\n\n\n\n<p class=\"has-medium-font-size\">Kristin<\/p>\n\n\n\n<p class=\"has-medium-font-size\">Die Ausbildung zur Medizinischen Fachangestellten hat Kristin  2007 bis 2009 absolviert. Seit 2019 verst\u00e4rkt sie unser Praxisteam. Neben den vielf\u00e4ltigen Aufgaben einer Medizinischen Fachangestellten wie die Anmeldung, das Terminmanagement, Labor-und ger\u00e4tespezifische Untersuchungen unterst\u00fctzt sie einen Schwerpunkt der Praxis als Impfassistentin.<\/p>\n<\/div>\n\n\n\n<div class=\"is-layout-flow wp-block-column\"><div class=\"wp-block-image\">\n<figure class=\"aligncenter size-medium is-resized\"><img decoding=\"async\" loading=\"lazy\" src=\"https:\/\/praxis-hakeweisse.de\/wp-content\/uploads\/2021\/01\/nurse-f-1-300x300.jpg\" alt=\"\" class=\"wp-image-562\" width=\"150\" height=\"150\" srcset=\"https:\/\/Praxis-hakeweisse.de\/wp-content\/uploads\/2021\/01\/nurse-f-1-300x300.jpg 300w, https:\/\/Praxis-hakeweisse.de\/wp-content\/uploads\/2021\/01\/nurse-f-1-150x150.jpg 150w, https:\/\/Praxis-hakeweisse.de\/wp-content\/uploads\/2021\/01\/nurse-f-1.jpg 512w\" sizes=\"(max-width: 150px) 100vw, 150px\" \/><\/figure><\/div><\/div>\n\n\n\n<div class=\"is-layout-flow wp-block-column\">\n<h1>Medizinische Fachangestellte <\/h1>\n\n\n\n<p class=\"has-medium-font-size\">Rebekka<\/p>\n\n\n\n<p class=\"has-medium-font-size\">Rebekka absolvierte von 2020 -2021 Ihre Ausbildung zur medizinischen Fachangestellten in unserer Praxis. Diese hat Sie im Juni 2021 erfolgreich beendet und geh\u00f6rt seitdem fest zum Team unserer Praxis.&nbsp;<\/p>\n<\/div>\n<\/div>\n\n\n\n<div>Icons made by <a href=\"https:\/\/www.flaticon.com\/authors\/icon-pond\" title=\"Icon Pond\" class=\"broken_link\">Icon Pond<\/a> from <a href=\"https:\/\/www.flaticon.com\/\" title=\"Flaticon\" class=\"broken_link\">www.flaticon.com<\/a><\/div>\n","protected":false},"excerpt":{"rendered":"<p>Seit vielen Jahrzehnten besuchen Patienten diese Praxis in Berlin-Friedrichshain. Fr. Dr. med. Gerda Wei\u00dfe praktizierte als Fach\u00e4rztin f\u00fcr Allgemeinmedizin in der W\u00fchlischstra\u00dfe 58. \u00dcber lange Zeit war sie mit Schwester Karola ein vertrauter Anlaufpunkt in der haus\u00e4rztlichen Versorgung der Menschen. Im Jahre 2006 begann meine Zusammenarbeit mit ihr in dieser Praxis. Nach dem Umzug in [&hellip;]<\/p>\n","protected":false},"author":1,"featured_media":0,"parent":0,"menu_order":0,"comment_status":"closed","ping_status":"closed","template":"","meta":[],"_links":{"self":[{"href":"https:\/\/Praxis-hakeweisse.de\/index.php?rest_route=\/wp\/v2\/pages\/166"}],"collection":[{"href":"https:\/\/Praxis-hakeweisse.de\/index.php?rest_route=\/wp\/v2\/pages"}],"about":[{"href":"https:\/\/Praxis-hakeweisse.de\/index.php?rest_route=\/wp\/v2\/types\/page"}],"author":[{"embeddable":true,"href":"https:\/\/Praxis-hakeweisse.de\/index.php?rest_route=\/wp\/v2\/users\/1"}],"replies":[{"embeddable":true,"href":"https:\/\/Praxis-hakeweisse.de\/index.php?rest_route=%2Fwp%2Fv2%2Fcomments&post=166"}],"version-history":[{"count":59,"href":"https:\/\/Praxis-hakeweisse.de\/index.php?rest_route=\/wp\/v2\/pages\/166\/revisions"}],"predecessor-version":[{"id":1693,"href":"https:\/\/Praxis-hakeweisse.de\/index.php?rest_route=\/wp\/v2\/pages\/166\/revisions\/1693"}],"wp:attachment":[{"href":"https:\/\/Praxis-hakeweisse.de\/index.php?rest_route=%2Fwp%2Fv2%2Fmedia&parent=166"}],"curies":[{"name":"wp","href":"https:\/\/api.w.org\/{rel}","templated":true}]}}